{"id":1332630,"date":"2026-09-01T16:11:13","date_gmt":"2026-09-01T14:11:13","guid":{"rendered":"https:\/\/noyon-tourisme.com\/?post_type=mec-events&#038;p=1332630"},"modified":"2026-09-01T16:11:13","modified_gmt":"2026-09-01T14:11:13","slug":"journees-europeennes-du-patrimoine-2024-710","status":"publish","type":"mec-events","link":"https:\/\/noyon-tourisme.com\/en\/evenements\/journees-europeennes-du-patrimoine-2024-710\/","title":{"rendered":"Journ\u00e9es europ\u00e9ennes du patrimoine 2026 \u00e0 Salency"},"content":{"rendered":"","protected":false},"excerpt":{"rendered":"","protected":false},"author":6,"featured_media":1332633,"template":"","tags":[],"mec_category":[164],"class_list":["post-1332630","mec-events","type-mec-events","status-publish","has-post-thumbnail","hentry","mec_category-culturel"],"_links":{"self":[{"href":"https:\/\/noyon-tourisme.com\/en\/wp-json\/wp\/v2\/mec-events\/1332630","targetHints":{"allow":["GET"]}}],"collection":[{"href":"https:\/\/noyon-tourisme.com\/en\/wp-json\/wp\/v2\/mec-events"}],"about":[{"href":"https:\/\/noyon-tourisme.com\/en\/wp-json\/wp\/v2\/types\/mec-events"}],"author":[{"embeddable":true,"href":"https:\/\/noyon-tourisme.com\/en\/wp-json\/wp\/v2\/users\/6"}],"wp:featuredmedia":[{"embeddable":true,"href":"https:\/\/noyon-tourisme.com\/en\/wp-json\/wp\/v2\/media\/1332633"}],"wp:attachment":[{"href":"https:\/\/noyon-tourisme.com\/en\/wp-json\/wp\/v2\/media?parent=1332630"}],"wp:term":[{"taxonomy":"post_tag","embeddable":true,"href":"https:\/\/noyon-tourisme.com\/en\/wp-json\/wp\/v2\/tags?post=1332630"},{"taxonomy":"mec_category","embeddable":true,"href":"https:\/\/noyon-tourisme.com\/en\/wp-json\/wp\/v2\/mec_category?post=1332630"}],"curies":[{"name":"wp","href":"https:\/\/api.w.org\/{rel}","templated":true}]}}

Journées européennes du patrimoine 2026 à Salency
